= -501 + 728. List the prime factors of p.
227
Let h(i) = i**3 - 7*i**2 + 5*i - 10. Suppose 0*a - 21 = -a. Suppose -3*t + a = -0*t. What are the prime factors of h(t)?
5
Suppose 6*r + 38 - 2 = 0. What are the prime factors of (-687)/(-9) - 4/r?
7, 11
Suppose 5*u - 16*i - 25 = -11*i, -2*u + 16 = 4*i. Suppose 3*r + 22 = 4*r. Suppose 0 = -4*b - 0*b - 3*g + r, g - u = -b. List the prime factors of b.
2
Suppose -4*c + 6*h - h = -684, 5*c - 5*h = 850. List the prime factors of c.
2, 83
Let q be (16/(-10))/((-12)/90). Let f = q + 13. List the prime factors of f.
5
Let u = 4746 - 3135. List the prime factors of u.
3, 179
Let c(d) = -13*d - 11. Suppose 0 = -2*m - 7 - 7. List the prime factors of c(m).
2, 5
Suppose 0*c + 5*x = -c + 30, -2*c = 5*x - 35. Let t be c/(60/(-8))*-6. List the prime factors of (-6)/t*(-276)/18.
23
Let x be (-3)/(-7 - -4) + 56. Suppose -255 = -3*s + x. Suppose 3*k - 37 = s. List the prime factors of k.
47
Suppose 0 = 10*u - 5*u + 50. Let v = u - -10. Suppose 0 = -5*w - 3*a + 71 - 11, v = -3*w - 4*a + 36. List the prime factors of w.
2, 3
Suppose -183260 = -27*g - 17*g. What are the prime factors of g?
5, 7, 17
Let k(j) = 3*j + 2. Let t(l) = 2*l + 3. Let o(b) = -3*k(b) + 4*t(b). List the prime factors of o(3).
3
Let x = 2438 + -1953. What are the prime factors of x?
5, 97
Let f = -504 + 890. List the prime factors of f.
2, 193
Suppose -2215 = 5*n + 3*c - 9761, -n - 5*c = -1518. What are the prime factors of n?
2, 13, 29
Suppose 0 = 38*s + 1518 - 12918. What are the prime factors of s?
2, 3, 5
Let m(s) = -s**3 - 4*s**2 - s + 2. Let t be m(-4). Let v(c) = c**3 - 5*c**2 - 3*c + 7. Let i be v(t). What are the prime factors of (-3 + 8)*130/i?
2, 13
Suppose 11*z = 14*z. Suppose z = -3*q + 63 + 27. Suppose -9 - q = -f. What are the prime factors of f?
3, 13
Suppose 2*a - w = 283, -3*a + 423 = 4*w - 5*w. List the prime factors of a.
2, 5, 7
Let b(k) = k + 5 - 3 - 4. Let d be b(-1). List the prime factors of 3 + (-1 + -2)*d.
2, 3
Let s(b) = 5*b**2 + 28*b - 30. What are the prime factors of s(12)?
2, 3, 19
Let k(f) = -2*f**3 - 3*f**2 - 3*f + 4. Let a = 103 + -107. List the prime factors of k(a).
2, 3
Let j be (-2)/(-7) + (-24)/(-14). List the prime factors of (-11 + 12)/(j/66).
3, 11
Let g(h) = -2*h**2 + 7*h + 2. Let j be g(3). What are the prime factors of j*(20 + -1) - 0/(-16)?
5, 19
Suppose -5*f = 2*f - 21. Suppose b - 2 = 0, -5*v + f*v - 5*b = -450. List the prime factors of v.
2, 5, 11
Suppose 5*d + 1291 + 10604 = 4*c, 0 = 3*c + 4*d - 8960. List the prime factors of c.
2, 5, 149
Let r be (6/(-3) - -4) + -9. Let s(p) = 9*p - 8. Let z(n) = -2*n. Let o(l) = s(l) + 6*z(l). What are the prime factors of o(r)?
13
Suppose 0 = 5*t - 665 - 155. Suppose -2*g + t = 44. What are the prime factors of g?
2, 3, 5
Let h(u) = 2*u**3 - 4*u**2 + u - 3. Suppose 5*m - 4*x = 40, -9 = 4*m - x + 6*x. Let p be h(m). Let n = p - 38. What are the prime factors of n?
3
Suppose -c + 1 = w, -24 = -3*w - 2*c + 6*c. Suppose 0 = -4*q + 5*h + 165, w*q + 5*h = 6*h + 177. List the prime factors of q.
3, 5
Suppose -399784 = -89*v + 99417. What are the prime factors of v?
71, 79
Let t be 101 - (1 - -2)/(-3). Suppose -4*n + 6*n = t. What are the prime factors of n?
3, 17
Let w(u) = u**3 - 2*u**2 - 3*u + 6. List the prime factors of w(11).
2, 3, 59
Let p = -201 + 119. List the prime factors of -2 + (p - -4)*-1.
2, 19
Suppose -h = 5*i - 3905, 5*i - 4*h - 802 = 4*i. What are the prime factors of i?
2, 17, 23
Let r = -41 + 1467. What are the prime factors of r?
2, 23, 31
Suppose -2*t + 2014 = -2*v, -604 - 388 = -t + 4*v. List the prime factors of t.
2, 11, 23
Let t(m) = -m**3 + m**2 + m - 11. Let k be t(0). Suppose -7*g = -2*g, -x + 13 = -2*g. Let h = k + x. What are the prime factors of h?
2
Let y = 25 - 22. Suppose -216 = -y*o - 87. What are the prime factors of o?
43
Suppose -30*g + 551 = -11*g. List the prime factors of g.
29
Let k(s) = s - 33. Let t be k(23). Suppose -2*n + 75 = n. What are the prime factors of 5/n - 78/t?
2
List the prime factors of 1098 - (-6 + -18)/(-6).
2, 547
Suppose c + 225 = 4*c. Let s = -725 + 727. Suppose -c = -3*d - s*d. What are the prime factors of d?
3, 5
Suppose 3*m + 0*m = 15. Suppose -m*a + 10*a = 930. List the prime factors of a.
2, 3, 31
Let t(w) = -5*w + 8. Let j(f) = -f**3 - 3*f**2 + 3*f. Let v be j(-4). Let r be t(v). What are the prime factors of 2*-9*r/9?
2, 3
Let s(z) = -1 + 0 - 6*z + 28*z + 3. Let l be s(4). Suppose v - l = -4*v. What are the prime factors of v?
2, 3
Let b(w) = w**2 + 8*w. Let q be b(6). Let p = q - -18. What are the prime factors of p?
2, 3, 17
Suppose 5*t - 14 = 6. Suppose 5*g = s + 828, 3*g - 384 = t*s + 123. List the prime factors of 2/7 + g/35.
5
Suppose -2*c - 4346 = -2*s, 3*s = 2*c + 461 + 6058. List the prime factors of s.
41, 53
Let r = -8 + 10. Suppose 0 = -m - r + 5. Suppose -12 = -l + a, 0 = l - m*a - 16 + 6. List the prime factors of l.
13
Let b be 2*(-10)/6*21/(-14). Suppose 2*y - 130 = 6*a - 4*a, 2*a = -b*y + 332. What are the prime factors of y?
2, 3, 11
Let a be (3 + -72)*2/(-3). Suppose -a - 22 = -4*j. Let w = 24 - j. List the prime factors of w.
7
Let g = -165 + 208. List the prime factors of (-22)/22 - (0 + -1 - g).
43
Suppose -2*h - 3 = 17. Let f(k) = k**2 - 3*k - 10. Let n be f(h). Suppose 5*u - 3*b - 194 = 0, 3*u - 4*b - n = -b. List the prime factors of u.
37
Let s(z) = -z**2 + z + 50. Let g be s(0). Let j = g - -10. List the prime factors of 12/j - (-678)/10.
2, 17
Let x = 5 + -4. Let y(s) = -15*s**3 - 2*s**2 - 3*s - 2. Let g be y(-1). Let v = g + x. What are the prime factors of v?
3, 5
Let t be ((3 - 4) + -1)*-1. Let g be (28/(-21))/(t/(-72)). Suppose x = -x + g. List the prime factors of x.
2, 3
Suppose u = -2*y + 13, 5*y + 4 = y. Let f be (42/u - 4)*20. List the prime factors of (-4)/(f/3)*68.
2, 17
Let r = -17 + 22. Suppose -4*z + 220 = -z - r*s, -z - 2*s + 66 = 0. List the prime factors of z.
2, 5, 7
Let y(s) = -s**3 - 3*s**2 + 7*s - 4. Let x = 46 + -83. Let k = x + 31. What are the prime factors of y(k)?
2, 31
Let b = -763 + 2723. List the prime factors of b.
2, 5, 7
Let o = -30 + 52. Suppose -2 = 4*a - o. Suppose 0*h - a*h = -70. List the prime factors of h.
2, 7
Suppose 0 = 4*k - 0*k + 8. Let d be (-408)/(-221) - k/13. What are the prime factors of 32 - (2 + d + -4)?
2
Suppose 4*i = -b - 0*i + 93, 2*i + 444 = 4*b. List the prime factors of b.
109
Let b = 64 - 89. Let r = 79 + b. What are the prime factors of r?
2, 3
Let q = -107 + 949. What are the prime factors of q?
2, 421
Let c = 3219 - 1437. Suppose 0 = -j + 10*j - c. What are the prime factors of j?
2, 3, 11
Let q(k) be the second derivative of 0 - 5*k - 1/20*k**5 + 2/3*k**4 + 3*k**2 - 5/6*k**3. What are the prime factors of q(7)?
2, 5
Suppose 38 = 3*u - 313. Suppose 4*x - u = x. What are the prime factors of x?
3, 13
Suppose 43 - 7 = 3*w. Let h = 56 - w. Suppose -2*m + h = -62. List the prime factors of m.
53
Let v = -162 + 2334. What are the prime factors of v?
2, 3, 181
Suppose 2*o = p - 0*p, 3*o = p + 1. Suppose -n = p*n - 339. Let s = n + -64. List the prime factors of s.
7
Let y(k) be the second derivative of k**3/2 - 28*k**2 - 24*k. List the prime factors of y(22).
2, 5
Let z = 417 - -4212. What are the prime factors of z?
3, 1543
Let d = -413 + 668. Suppose -2*h + 4*s + 145 = -h, 2*h - d = s. List the prime factors of h.
5
Let v(u) = -u**2 - 9*u - 8. Let y be v(-8). Suppose y = -g + 43 - 5. What are the prime factors of g?
2, 19
Suppose -5*w - 108 = -3*i - 0*i, -2*i + 2*w + 68 = 0. Let o = i - 21. What are the prime factors of o?
2, 5
Suppose -3*p = 2*j - 34, j + 5*p + 3 - 34 = 0. Suppose 5*b = -4*c + j, -5*c + 4*b - 13 = -4*c. What are the prime factors of c + (-3)/1*-1?
2
Let q = -21 + 36. What are the prime factors of (177/q)/(9/45)?
59
Let i(a) = -6*a - 65. What are the prime factors of i(-14)?
19
Suppose 0*v = 3*j + 2*v + 73, v - 44 = 2*j. Let f = j + 75. List the prime factors of f.
2, 13
Suppose 1148 + 1869 = 3*x - 2*y, -x + 1003 = -2*y. What are the prime factors of x?
19, 53
Let h(v) = 2*v**3 - v**2 - 2*v + 3. Let j be h(2). Let s be 2/5*-195*(-4)/12. Let z = j + s. What are the prime factors of z?
37
Let l be (-12)/(-36) + 88/6. Suppose 0*t = -3*t + l. Suppose 4*i + 53 = t*i. What are the prime factors 